 0 = -k. Calculate j(k).
-4
Let s be (2 - (-72)/(-20))*(-3 + -2). Suppose 8 = -0*f - s*f. Let n(i) = -i**3 - i**2 - 2*i - 1. Calculate n(f).
1
Let u(s) = 5*s - 8 + 0*s - 9*s + 2*s. Calculate u(6).
-20
Let y(x) = 2*x**2 + 3*x - 3. Let m be y(1). Let d = 5 + 5. Let f(z) = 2*z + 6 + d*z - 8*z + z**m. Give f(-5).
11
Let j(q) = -256*q + 133*q - 9*q**2 - 11 - 7 + 0*q**3 + 143*q - q**3. What is j(-11)?
4
Let q(j) = -8 - 3*j + 9 + 4*j**2 + 6*j. Let s(r) = -r**3 - r**2. Let k(c) = -q(c) - s(c). What is k(4)?
3
Let x be 18/(-27)*2/((-4)/3). Let i(s) = 4*s**2 - 3*s - 5*s**2 + 3*s - 9*s**3. Calculate i(x).
-10
Let b(o) = -o**3 + o**2 - o + 7. Let w be b(0). Let r(a) = 1486*a**2 - 8*a - 2983*a**2 + a**3 + 8 + 1491*a**2. Determine r(w).
1
Let g(j) = -7*j**3 + 2*j + 1. Let z(l) = 20*l**2. Let b be z(-1). Suppose -6*h + b = -2*h. Suppose -h*u - 7 = -2. Calculate g(u).
6
Let g(n) = -5*n - 16. Let a(m) = 26*m + 80. Let t(s) = -2*a(s) - 11*g(s). Let j be t(-5). Let r(o) = 17*o**3 - o**2 + 2*o - 1. Determine r(j).
17
Let d(x) be the first derivative of -5*x**3/3 - x**2 + 3*x - 7. Determine d(2).
-21
Let l(r) = -3*r + 9. Let o(c) = -4*c + 10. Let h(v) = -6*l(v) + 5*o(v). Let m be h(-4). Let p(n) = -2*n - 1 + 2 - 3 + m*n. Give p(-5).
-12
Let y(t) = 19*t - 3. Let p(d) = -5*d + 1. Let k(z) = 7*p(z) + 2*y(z). Determine k(3).
10
Suppose -95 = 14*t + 3. Let s(x) = -x - 5. Give s(t).
2
Let y = -3 + 1. Let i(q) = 2*q + 6. Let c(w) = w**2 - 22*w + 17. Let v be c(21). Let r(s) = 2*s + 7. Let a(g) = v*i(g) + 3*r(g). Determine a(y).
1
Let i(q) = q - 3. Let w(f) = -f**2 + 76. Let s be w(9). Calculate i(s).
-8
Let g(d) be the second derivative of d**5/20 - d**4/3 - d**2/2 - 59*d + 3. Calculate g(3).
-10
Let o(h) = 23*h**2 - 25*h**2 - 56*h - 1 - 2*h**3 + 58*h. What is o(1)?
-3
Let x(g) be the second derivative of -g**4/12 + 3*g**3/2 - 5*g**2/2 + 59*g. Determine x(9).
-5
Suppose -189*t - 2 = -187*t. Let n(f) be the second derivative of -7*f**4/4 + f**3/6 + f**2/2 - 5*f. Give n(t).
-21
Suppose 7 = 3*f - 14. Let q be f - ((2 - 2) + 3). Let n(o) = -10 + q + 4*o + 3. Calculate n(2).
5
Let c(q) = -q**3 + 5*q**2 + 4*q + 18. Suppose 0 = -184*w + 187*w - 18. Give c(w).
6
Let d(j) be the first derivative of -j**7/840 + j**6/180 + j**5/40 + j**4/6 + 25*j**3/3 - 18. Let v(c) be the third derivative of d(c). Determine v(3).
4
Suppose -3*g + 7 = 1. Suppose g*i - i - 5 = 0. Let z(u) = -u**3 + 6*u**2 - 5*u - 2. Let m be z(i). Let h(c) = -2*c**2 + 2. Give h(m).
-6
Let q(c) = 123777*c**2 - 5*c - 3 - 123776*c**2 - 7. What is q(6)?
-4
Let r(j) = j**3 - 10*j**2 - 11*j - 2. Let p(c) = 10*c + 311. Let b be p(-30). Give r(b).
-2
Let s = 3 + 5. Let c(n) = -5*n**2 - 8*n + 9. Let w(p) = -13*p**2 - 24*p + 27. Let z(f) = 8*c(f) - 3*w(f). Give z(s).
-9
Let w = -3 - -6. Let t(h) = 7*h**2 + 0 + 7*h + 2 + h**3 + 4 + 0*h**w. Let y = -23 + 17. Give t(y).
0
Let q(u) be the third derivative of 0 + 1/2*u**3 + 0*u + 1/60*u**5 + 1/4*u**4 - 5*u**2. What is q(-5)?
-2
Let f(i) = -8*i**2 + 6*i - 13. Let g(a) = -7*a**2 + 4*a - 12. Let q(x) = 6*f(x) - 7*g(x). What is q(-8)?
6
Let v(x) = x**3 - 2*x**2 + 2*x - 1. Suppose -h - 55 = -56. Calculate v(h).
0
Let v(n) = 5*n - 29. Let g(f) = -4*f + 30. Let o(q) = -3*g(q) - 4*v(q). Let i be o(4). Let a(l) = l**3 + 7*l**2 + 5*l + 2. What is a(i)?
8
Let q(o) = o**3 + 14*o**2 + 6*o + 4. Let d(y) = -y**3 - 13*y**2 - 6*y - 4. Let u(s) = 6*d(s) + 5*q(s). Let i be (-324)/45 - 1/(-5). Determine u(i).
-11
Let q(u) be the first derivative of -u**4/4 - 5*u**3/3 - 2*u**2 - 3*u - 15. Calculate q(-4).
-3
Let p(l) be the third derivative of -l**4/12 + 3*l**2. Let q be p(-2). Let o(m) = -2 - 5*m + 2 - q. Calculate o(-3).
11
Let j(k) be the first derivative of k**2/2 - 11*k - 85. Determine j(8).
-3
Let o(c) = -4*c + 5. Let q(b) = 5*b - 4. Let v(p) = -6*o(p) - 5*q(p). Determine v(-8).
-2
Let d be 3/(-27) + (-56)/(-18). Let p(u) be the first derivative of -1 - u + 2/3*u**d + 0*u**2 - 7/4*u**4. Give p(-1).
8
Let g(d) be the first derivative of -d**4/12 + 7*d**3/6 - 4*d**2 - 23*d - 20. Let s(k) be the first derivative of g(k). What is s(6)?
-2
Let k(c) = c**3 + 6*c**2 - 10*c - 9. Suppose -p + 14 = -3*p. Let a be k(p). Suppose -5*q + 2*q - a = 0. Let u(h) = -h**3 - 5*h**2 - 5*h - 1. Determine u(q).
3
Let s(b) = 3 - 3 + 4*b. Let l = -16 - -31. Let k = 12 - l. Determine s(k).
-12
Let u(t) = -7*t + 3. Let z(l) = 3*l - 2. Let c(x) = 2*u(x) + 5*z(x). Let i = 20 - 7. Suppose 2 = -3*s - i. Give c(s).
-9
Let t(z) = 32 - 18*z + 53*z + 5 - 29*z. Give t(-6).
1
Let q be ((-1)/(-2))/((-2)/8). Let d(g) = 7*g**3 + 3*g**2 + 2*g. Let v(z) = -16*z**3 - 7*z**2 - 4*z. Let j(a) = -7*d(a) - 3*v(a). Calculate j(q).
12
Let a(m) be the third derivative of m**5/60 - 5*m**4/24 - m**3 + m**2 - 44*m. Calculate a(6).
0
Let x(r) = -5*r - 6. Let o = -16 - -21. Suppose 0*d + 25 = -o*d. What is x(d)?
19
Let n(v) = 4*v**2 + v. Let c(f) = 3*f**2 + f. Let m = -158 - -152. Let k(j) = m*n(j) + 7*c(j). Let d be 2 - 1/((-2)/(-2)). Calculate k(d).
-2
Let v(x) = 12*x - 4. Let n(o) = -11*o + 4. Let z(r) = -5*n(r) - 4*v(r). Let b(p) = -6*p + 3. Let t(c) = 6*b(c) + 5*z(c). Let i = -1182 + 1177. What is t(i)?
3
Let t(z) = -z**2 - 7*z + 21. Let y be t(-9). Suppose -y = -l - 2*l. Let s(d) = -d - 4. Let n(q) = -q**2 - 2*q - 7. Let m(o) = -4*n(o) + 7*s(o). Give m(l).
5
Let j = 192 - 185. Let m(f) = -f + 5. What is m(j)?
-2
Suppose -3*y = -5*l + 37, -5*y - l = -0*y + 43. Let o(q) = q**2 + 10*q + 5. What is o(y)?
-4
Let p = 14 - 8. Let n(b) = b**3 - b**2 - b. Let i(s) = 6*s**2 - 7*s. Let a be 2/(-4) - (-5)/(-10). Let v(w) = a*n(w) + i(w). Determine v(p).
0
Let i(t) = -t**3 + 4*t**2 - 2*t + 5. Let s be 1/4 - (-46)/8. Suppose s - 2 = -2*h. Let z = h + 6. Calculate i(z).
-3
Let t be (6/(-4))/((-3)/4). Suppose 0 = 105*p - 306 - 114. Let r(h) = p*h + 1 - h + 0*h - t. Determine r(1).
2
Let b(c) be the second derivative of 9*c + 1/12*c**4 + 0*c**2 + 0 - 5/6*c**3. Calculate b(4).
-4
Let b(v) = 6*v**3 - v**2 - v. Let o(k) = -31*k**3 + 11*k**2 + 6*k - 14. Let r(w) = 5*b(w) + o(w). Give r(6).
-8
Let i(c) be the second derivative of c**5/20 - 13*c**4/12 + 3*c**2 - 17*c - 3. Calculate i(13).
6
Let q(s) = -s**2 + 4*s + 1. Let u = -25 + 34. Let l = 14 - u. Give q(l).
-4
Let v(c) be the first derivative of 3*c**2/2 + 4*c - 58. Determine v(-4).
-8
Let r(c) = -2*c + 4. Let w(t) = -t**2 + 10*t. Let d(z) = -z**3 + 5*z**2 + 8*z - 3. Let y be d(6). Let o be w(y). Let s be 1*-2*(-7 + o). Give r(s).
12
Suppose -135*r + 145*r - 80 = 0. Let h(q) = -q**3 + 8*q**2 - 2. What is h(r)?
-2
Let q = 13 - 8. Suppose 4*u + 2*r = u - 8, -3*u - q*r = 20. Let g(z) = 0*z**2 + u*z**2 - 2*z + 0*z**2 + z**2. Determine g(2).
0
Suppose 2*t + 2*t + 16 = 0, 4*s + 2*t - 4 = 0. Let m(z) = -z**3 + 4*z**2 + 2*z - 1. What is m(s)?
14
Let r(n) = -n**2 - 4*n + 1. Suppose -5*m - 5*z - 35 = 0, 5*z - 16 = -m - 39. What is r(m)?
4
Let v(o) = -3*o - 3. Let h(t) = -10*t - 9. Let s(z) = 4*h(z) - 11*v(z). Give s(-5).
32
Let v(w) be the first derivative of w**3/3 + 7*w**2/2 + 3*w + 1. Suppose 39 + 1 = -8*r. Calculate v(r).
-7
Let h(m) = -2582*m + 2577*m + 2 + 7. What is h(5)?
-16
Suppose r - 3*u - 3 = 0, -8*r - 4*u - 4 = -6*r. Let o(n) = 0*n**3 + n**3 + 12 + n - 2*n. Determine o(r).
12
Let o(k) be the second derivative of -k**4/12 + k**3/6 - k**2 + 2*k - 40. Calculate o(4).
-14
Let x(t) = -t**3 + 7*t**2 + 11*t - 7. Let i = 0 + 8. What is x(i)?
17
Let x = 23 - 17. Suppose 0 = -5*s + x + 49. Let c = s - 8. Let h(d) = d**2 - 3*d + 4. Give h(c).
4
Let b(w) = w - 2. Suppose 0 = -4*k + 2*g + 6, -3*k - g + 5 = -2*g. Let n be b(k). Suppose -25 = -5*q - n*q. Let x(h) = h + 5. Determine x(q).
10
Let y(z) = z**3 + 6*z**2 - 6*z - 8. Suppose -5*g = -0*g - 3*c + 35, -g - c = 7. Calculate y(g).
-15
Let s(c) = -c**2 - 7*c - 4. Let i be 2*5/(-40) + 1/4. Let f be s(i). Let a(l) = l + 1. What is a(f)?
-3
Let f(m) = 2*m. Let g = -7 - -15. Suppose -3*x = -g + 2. Suppose -q = -0*k - k + 1, -x*q = 3*k + 12. Determine f(q).
-6
Let q(p) = 5*p**3 + 20*p**2 + 29*p - 11. Let r(x) = 3*x**3 + 10*x**2 + 15*x - 5. Let k(o) = 4*q(o) - 7*r(o). Determine k(11).
-9
Let w(n) = -n**2 - n. Let l(q) = -3*q**3 + 5*q**2 + 4*q - 2. Let u(g) = l(g) + 3*w(g). What is u(2)?
-16
Suppose -10 = 3*l + 14. Let r be (-3)/(60/l)*-5. Let f(d) = d - 2 + 0*d + d**3 + 2